ctor of g and f.
4
Suppose 2*z + 5*g = -0*z + 536, g - 1054 = -4*z. Suppose -4*h = -5*t - 265, -2*h + z = 2*h - 3*t. What is the greatest common divisor of 13 and h?
13
Suppose 2*m + 2*y = 10, -2*m = -4*y - 34 - 6. Let z be ((-16)/m)/((-6)/45). Calculate the highest common divisor of z and 12.
12
Let b(k) = k**2 + 4*k + 16. Let c be b(-5). Let j = -5 - -12. Calculate the highest common factor of c and j.
7
Suppose g + 4*y + 1 = 5*y, 0 = y + 2. Let k(l) = -30*l. Let p be k(g). Calculate the greatest common factor of p and 18.
18
Suppose -u = -q - 3 + 5, -3*q = 5*u - 22. Suppose 0 = 5*o - u*m - 103, m + 61 = 3*o - m. Calculate the greatest common divisor of o and 42.
21
Let n(h) = -23*h. Let k(d) = d**2 - d - 1. Let f be k(0). Let a be n(f). Calculate the greatest common divisor of 161 and a.
23
Let t(k) = -67*k + 2. Let p be t(-2). Let q = p + 40. What is the greatest common factor of q and 16?
16
Let o = -48 + 120. Suppose 5*j = -g + 120, -96 = -4*j + 2*g + g. What is the greatest common divisor of j and o?
24
Let u be (7/21)/((-1)/(-6)). Suppose -5*w + 3*g - g = -254, u*w - 110 = 5*g. Calculate the greatest common divisor of 20 and w.
10
Let x(u) be the second derivative of -u**2 + 1/6*u**4 + 0 + 3*u + 2/3*u**3. Let y be x(-4). Calculate the greatest common factor of y and 112.
14
Let x(u) = 3*u - 4. Let g be x(5). Let a = 23 - g. Calculate the greatest common factor of 3 and a.
3
Let o(z) = 9*z**2 + 1 + 7*z**2 - 3*z**2 + z**2. Let d be o(1). Calculate the greatest common factor of 60 and d.
15
Suppose 177 = -h + 3*h - 5*a, h = -5*a + 51. Suppose 3*y - 47 - 10 = 0. Calculate the highest common factor of y and h.
19
Let c = -52 + 72. What is the highest common divisor of 220 and c?
20
Let q = 78 - 48. What is the greatest common divisor of 10 and q?
10
Let d(h) = -2 + 6*h - 2*h**2 + 8 + 2*h**2 + h**2. Let j be d(-5). Calculate the highest common divisor of j and 5.
1
Suppose -k - 5*v = -48, -2*k + 4*v + 71 = 17. Let y be 6*k/(-12)*-2. Calculate the highest common factor of y and 22.
11
Suppose -3*o = 4*j + 4, -j = -3*j - o. Let x be 1*(j + 0 + 2). Calculate the greatest common factor of x and 44.
4
Let u be ((-63)/(-6))/1*(-168)/(-98). Suppose q - 2*q + 72 = 0. What is the highest common divisor of u and q?
18
Let z be 18/(-3*(-3)/9). Calculate the highest common divisor of 126 and z.
18
Let v be 26 + 7/(14/4). Calculate the highest common divisor of 14 and v.
14
Let a(s) = 2*s**2 - 3*s + 1. Let x be a(4). Let u = 32 - 20. Let d = x - u. Calculate the highest common factor of 72 and d.
9
Let n be (0 - 8)/(10/(-125)). Calculate the highest common factor of n and 40.
20
Let y(d) = 0*d + d**2 + 2 - 5 - 5*d. Let m be y(4). Let i = m - -31. Calculate the greatest common divisor of i and 3.
3
Let r be 1/(-3)*(-12)/2. Let h(n) = 151*n - 2. Let w be h(r). Suppose w = -m + 6*m. Calculate the highest common factor of 12 and m.
12
Let l be (-24)/(-9)*3/4. Suppose 31 - 91 = -2*m + l*u, 5*m - u = 170. Calculate the greatest common factor of m and 7.
7
Let y(v) = v**2 + 11*v + 15. Let j be y(-11). Let q be 0 - (4 + -3) - 1. Let k be (1 + -1)/q + 15. Calculate the highest common divisor of j and k.
15
Let f(r) = r**3 - 6*r**2 + 4*r - 3. Let n be f(6). What is the highest common divisor of 63 and n?
21
Let u be -8 - -103 - (3 - 4). Calculate the highest common factor of u and 12.
12
Let s(m) = m + 4. Let q be s(7). Let a be 229/q + 12/66. Calculate the highest common factor of 7 and a.
7
Let y be (6/(-4))/((-3)/20). Suppose 2*c + c - 120 = 2*v, 0 = 5*c - 2*v - 200. What is the highest common factor of c and y?
10
Suppose 0 = -2*d - 2*a + 6*a + 136, -2*a - 184 = -3*d. Suppose -3*y + 26 = -d. Suppose 5*s - y = -8. What is the greatest common divisor of 28 and s?
4
Suppose 2*g - 5 = -1. Let p be g - (-1)/(-2)*-6. What is the highest common factor of p and 15?
5
Let f = 15 - 0. What is the highest common factor of 6 and f?
3
Let k(y) = y - 4. Let h be k(9). What is the highest common divisor of h and 15?
5
Suppose -3*n + 4 = -5. Suppose -2*j + 3*l = -3*j + 18, j - n*l - 6 = 0. Calculate the greatest common factor of j and 4.
4
Suppose 4*v - 400 = -2*y - 3*y, -v = -y - 109. Let f = -24 - -39. Calculate the greatest common divisor of f and v.
15
Let j = 258 + -228. Calculate the highest common factor of 20 and j.
10
Suppose k = -0*m + 3*m - 23, m + k - 13 = 0. What is the highest common factor of 9 and m?
9
Let i = 3 + 3. Calculate the highest common divisor of i and 4.
2
Suppose -9*r + 5*r = -12. Let g be (2/(-3))/(2/(-3)). What is the greatest common factor of g and r?
1
Suppose x + 60 = 4*x. Let s be (-2)/(-9)*-1 + 816/27. Calculate the highest common factor of s and x.
10
Let f = 7 - -5. Suppose -5*k + f - 117 = -2*n, -2*n = 3*k - 81. Calculate the greatest common factor of 5 and n.
5
Suppose 0 = -0*x + 5*x + 20. Let r be (-48)/(-5) - 10/(-25). Let t = r + x. What is the highest common factor of 12 and t?
6
Suppose -3 = -l + 17. Let f = 82 - 62. Calculate the greatest common factor of f and l.
20
Let l(k) = -k**3 - 8*k**2 - 9*k - 9. Let s be l(-8). Calculate the highest common divisor of 42 and s.
21
Let w(y) = y**3 - 8*y**2 - 2*y + 13. Let j be w(9). What is the highest common divisor of j and 19?
19
Let x be 65/(-15) + 2/6. Let r = x + 52. What is the highest common divisor of r and 32?
16
Let v(o) = o**2 + 4*o + 10. Let n be v(-9). Suppose -t + 0*t + n = 0. What is the highest common divisor of 11 and t?
11
Suppose 0 = 3*f + 12, -5*v - 773 = -4*f - 39. Let n = 276 + v. Calculate the highest common divisor of 14 and n.
14
Let h be -1483*3/(-33) - (-10)/55. Calculate the highest common divisor of h and 54.
27
Let l(j) = 3*j**2 + 2*j + 3. Let z be l(-2). Let m = 31 - -90. Calculate the greatest common factor of z and m.
11
Let o be ((-40)/(-32))/(2/160). Suppose o = 3*k + 2*k. What is the greatest common factor of k and 5?
5
Let u(n) = -n**3 + 7*n**2 + 10*n - 12. Let k be u(8). Let r = 12 + k. Calculate the greatest common divisor of r and 2.
2
Let i = -58 + 11. Let a = i - -87. Suppose 4*z - 27 + 7 = 0. Calculate the greatest common divisor of z and a.
5
Suppose 3*s - 42 = 2*o, -5*s + 55 = 2*o + 1. What is the greatest common factor of s and 4?
4
Let i = 358 + -217. Calculate the highest common factor of i and 47.
47
Suppose -3*z + 4*z - w - 7 = 0, -z + 3*w + 7 = 0. Let d = z + -2. What is the greatest common factor of 20 and d?
5
Let b(v) = -5*v - 13. Let o be b(-9). What is the greatest common divisor of 4 and o?
4
Suppose l = -2*l + g + 8, -2*l - 18 = 4*g. Calculate the highest common factor of l and 8.
1
Suppose -5*q = 4*b - 27, 4*b + 4*q - 21 = q. What is the highest common factor of b and 15?
3
Let l be (-236)/(-12) - 4/6. Calculate the greatest common divisor of l and 171.
19
Let z be (-4)/(-14) - 52/(-14). Suppose 4 = z*m - 0*m. Let x be 2 - -35*m - -2. Calculate the greatest common factor of 13 and x.
13
Suppose -5*h + 110 = u + 14, -5*h + 2*u + 108 = 0. Let a(f) = -3*f - 5. Let p be a(-5). Calculate the greatest common divisor of h and p.
10
Suppose 7*z - 60 = 108. Suppose v + 4 = 5*v. Let s = v + 2. Calculate the greatest common factor of s and z.
3
Let r be 16/6 + 4/(-6). Let d(w) = -5*w + 10. Let q be d(-6). Suppose -4*v - 2*y + 18 = -q, r*y = -v + 13. What is the highest common divisor of v and 45?
15
Let u(g) = 3*g + 5. Let d be u(11). Let x = d - 16. Calculate the highest common factor of x and 44.
22
Suppose -4*i - 72 = -5*i. What is the greatest common divisor of 8 and i?
8
Suppose -9*o - 14 = -10*o. Let q = 7 + 0. What is the greatest common divisor of q and o?
7
Suppose -3*v = -v + j - 172, 3*j - 428 = -5*v. What is the greatest common factor of 24 and v?
8
Let a(o) = o**2 + 3*o. Let v be a(-3). Let r = -17 - -35. Suppose 4*g - 58 = 3*d - r, -4*g - 2*d + 20 = v. Calculate the highest common factor of g and 63.
7
Suppose -3*y + 2*a = -0*y - 4, -y = 5*a + 10. Suppose -m = -y*m - 2*f - 5, -2*m + f + 7 = 0. Let z = -2 + m. What is the greatest common factor of 9 and z?
1
Let o(r) = -2*r**3 + 5*r**2 + 2*r - 3. Let p = -4 + 6. Let s = p - 5. Let a be o(s). What is the highest common factor of a and 10?
10
Let z be (-2)/(-6) - (-118)/6. Suppose 0 = -3*f - z + 104. Let b = -10 - -17. What is the highest common factor of f and b?
7
Suppose 2*b 